q = 195 + -119. Is 9 a factor of q?
False
Suppose 0 = -p + 14. Is p a multiple of 3?
False
Let n(x) = 0*x - x**2 - 10*x - x**3 - 6*x**2 - 9. Let a(m) = m**2 - 12*m - 19. Let z be a(13). Is 11 a factor of n(z)?
False
Let y = 114 - -106. Is 14 a factor of y?
False
Is 11 a factor of 2/15 - 776/(-30)?
False
Suppose -1 = 4*p + 11. Is 1/(p*(-1)/15) a multiple of 3?
False
Let f(n) = n**2 + 5*n - 27. Is f(-12) a multiple of 19?
True
Suppose -4*y + 24 = j, 2*j - 16 = -3*y + 7. Let z = j + 4. Does 3 divide z?
False
Suppose -j + 95 = 2*s, -235 = -3*s - 2*s - 5*j. Does 16 divide s?
True
Let m be -2*(2 + (-9)/2). Suppose -4*g = -m*n + 82, 3*g = -3*n + 7*g + 54. Is n a multiple of 7?
True
Suppose -3*r + 162 = -r + 4*m, -5*r + 383 = -m. Is 21 a factor of r?
False
Let b = -14 + 14. Does 7 divide b - -1 - (7 - 40)?
False
Let l = -5 + 7. Suppose -4*t - 5*g + 14 + 2 = 0, 5*g - 18 = -l*t. Does 5 divide (t - -5)*15/6?
True
Let p(m) = -m**3 + 11*m**2 - m + 12. Let u be p(11). Let o be 1 + 0 - (u + -87). Suppose -4*f + o = -49. Is f a multiple of 17?
True
Let u = -6 - -20. Suppose -3*r = 4*h + h - 21, 2*r - h = u. Is r a multiple of 5?
False
Let l = -4 - -6. Let s = l - 6. Let a(d) = -d + 5. Is a(s) a multiple of 4?
False
Let q = 12 + -22. Does 4 divide 35/(-14)*52/q?
False
Let y(l) = 5*l**2 + 5*l + 7. Does 19 divide y(-5)?
False
Let l = 21 - 21. Suppose 0*j + 40 = 5*j. Suppose r + j = k - l*k, 0 = -3*r + 9. Does 9 divide k?
False
Let n(g) = -g**2 + 3*g + 5. Let o be n(4). Let d be o/((-6)/(-8))*-9. Is (-16)/d*(-3)/(-2) a multiple of 2?
True
Let g = -9 - -14. Suppose 0*m - g*m + 10 = 0. Suppose -w = -m*w + y + 21, 0 = -5*w - y + 123. Is w a multiple of 24?
True
Let l = 133 + -78. Is l a multiple of 11?
True
Let v = 130 + -61. Suppose -4*h - v = -7*h. Is 23 a factor of h?
True
Suppose 0 = -z + 4, 0*z = -w + 5*z + 40. Is 20 a factor of w?
True
Let l = -3 + 8. Suppose 4 + 6 = -l*h. Is ((-1)/h)/((-7)/(-154)) a multiple of 7?
False
Let a = 6 + -11. Does 7 divide (3 + (-66)/15)*a?
True
Let f(k) = k**2 - 4*k. Let s be f(4). Suppose -2*j - 2*p + 98 = j, -3*p - 15 = s. Is j a multiple of 18?
True
Suppose -5*a - 3*d = 110 - 30, d = -2*a - 31. Let s = a - -25. Is s a multiple of 4?
True
Let y = 12 + -7. Suppose -y*o - 5 = -60. Does 11 divide o?
True
Let j(f) = 9*f**2 - 4*f + 2. Is j(2) a multiple of 10?
True
Let s be 30/(-4)*(-8)/6. Let u be -2*s/(-8)*2. Suppose 100 = 7*i - u*i. Does 14 divide i?
False
Suppose 4*b - 3*d = 96, 3*d - d - 120 = -5*b. Is b a multiple of 24?
True
Let y = -13 - -17. Suppose 34 - y = 5*x. Is 4 a factor of x?
False
Does 17 divide (408/(-32))/((-6)/32)?
True
Let m(l) = 3*l**3 + 2*l**2 - 2*l + 10. Is m(3) a multiple of 16?
False
Suppose 0 = -5*l + 3*l + 10. Suppose -2*p = -l*z + 4 + 6, z + 2*p = 14. Is z a multiple of 4?
True
Suppose 10*k - 80 = 6*k. Is k a multiple of 5?
True
Let a = -21 + 65. Is 11 a factor of a?
True
Does 5 divide 1224/60 - 2/5?
True
Let w = 183 - 128. Is w a multiple of 11?
True
Let p(v) = 2*v. Is 2 a factor of p(1)?
True
Let k be 8/(-20) + 17/5. Suppose r + k = 2*r. Is 3 a factor of r?
True
Let s(p) = -2*p - 16. Let z be s(-11). Suppose 2*t = 4*w + 18, 3*t - z*t - 5*w = -49. Is t a multiple of 12?
False
Let p(y) = 77*y**2 - 6*y + 5. Is 7 a factor of p(1)?
False
Let c(t) = 2 - 6*t**2 + 10*t + t**3 - 7 - 3*t. Let a be c(5). Suppose a*r - 113 = 57. Is r a multiple of 17?
True
Let w(r) = 2*r - 6. Let b be w(4). Suppose -b*z - 15 + 43 = 0. Is 7 a factor of z?
True
Suppose -j = 2*j. Suppose -v + 125 = -j*v. Suppose -5*u - 2*g + v = 0, u - 2*u + 17 = 2*g. Is u a multiple of 7?
False
Suppose 0 = n + 4*n - 25. Let s = n + 17. Does 11 divide s?
True
Suppose 4*m = 2*o, -2*o = 3*m - 4 - 10. Let q(w) = -5*w - 10. Let f be q(-10). Suppose -2*y + f = v - 3*v, v = -m*y + 25. Does 15 divide y?
True
Let g(j) = -18*j + 2. Let r be g(-2). Suppose -4*q - r = -6*q. Is 12 a factor of q?
False
Let h(b) = -b**2 - 13*b - 6. Is 7 a factor of h(-8)?
False
Let d(l) = -22*l + 1. Let o be 0 - 4/(8/6). Let p = o + 2. Is 8 a factor of d(p)?
False
Let i be 0 + 2 - (6 + -1). Is i + (2 - -2) - -20 a multiple of 10?
False
Suppose y - 12 = 4*u - 32, 3*y - 10 = -2*u. Suppose 4*d + 0*d - 56 = y. Is 4 a factor of d?
False
Let a = 81 - 47. Is 17 a factor of a?
True
Let x = -5 + 12. Let q(k) = -k**2 + 7*k + 3. Let s be q(x). Let b = s - -6. Is b a multiple of 4?
False
Let u(d) = 16*d - 5. Is u(5) a multiple of 11?
False
Let q(v) = 2*v + v - 9 - v. Let n be (-128)/(-22) - 2/(-11). Is q(n) even?
False
Let l = -23 + 63. Suppose 3*f - 17 - l = 0. Is 12 a factor of f?
False
Suppose 2*p - p = -37. Let k = -15 - p. Is 22 a factor of k?
True
Let k(p) = -46*p**2 - 3*p + 7. Let h be k(4). Does 24 divide h/(-21) + (-2)/7?
False
Let t(c) = -25*c - 5. Does 9 divide t(-2)?
True
Suppose -6*c + 246 - 90 = 0. Is c a multiple of 12?
False
Let c be -21 + 1/(-2)*0. Let s = c - -49. Is 14 a factor of s?
True
Suppose -6 + 4 = -c. Suppose 6*d - 116 = c*d. Is d a multiple of 9?
False
Suppose 25*f - 432 = 21*f. Does 34 divide f?
False
Let h = 12 - 5. Is (-2)/h + 535/35 a multiple of 5?
True
Let o = -1 + 1. Let k = 3 + o. Suppose k*w - 3*h = 99, w + 0*h + h = 31. Is 13 a factor of w?
False
Suppose -3*d + 6*d = 3, 3*o + 2*d = 8. Suppose -b - 5 = -o*b. Is 4 a factor of b?
False
Let x = 3 - 3. Let m = x + 4. Suppose 5*k - 2 = 8, -m*i - k = -42. Is i a multiple of 5?
True
Let i = 10 + -6. Let y(x) = x**2 + 3*x - 4. Is 12 a factor of y(i)?
True
Does 10 divide (34/(-8))/((-2)/8)?
False
Let k be (-279)/(-4) - 1/(-4). Suppose 10 + k = -5*g. Let m = g + 27. Is 4 a factor of m?
False
Let m(x) = x**2 - 10*x + 2. Let s be m(10). Suppose -7*q + 2*q = 2*n - 56, -s*n = 2*q - 68. Does 11 divide n?
False
Is 23 a factor of 4 + (-4)/(12/(-87))?
False
Let h(g) = -g**2 + 5*g + 2. Let d be h(5). Suppose k - l = 4, 2*k = k + 2*l + 4. Suppose k*r + d*c = 10, 2*c + 34 - 4 = 4*r. Does 4 divide r?
False
Suppose -3*l + 123 = 30. Is l a multiple of 4?
False
Suppose 4*m = 2*m - 6. Suppose -5 = -2*x - 3*x. Does 2 divide x - (2 + m*1)?
True
Suppose -f + 4 = -5. Let a(j) = j**2 - 7*j + 10. Is 8 a factor of a(f)?
False
Let s(t) = 1 - 5 + 0 + t**2. Let m(v) = 4*v. Let l be m(-1). Is s(l) a multiple of 6?
True
Suppose a - 3*a - 74 = 0. Let q = a - -53. Is 16 a factor of q?
True
Let j(w) = -4*w - 37. Is j(-16) a multiple of 4?
False
Let z be 1 + 4/((-12)/(-51)). Let w = -1 + z. Is 5 a factor of w?
False
Let o(h) = -h - 22. Let p(a) = -2*a - 44. Let b(w) = -7*o(w) + 3*p(w). Is b(-9) a multiple of 4?
False
Suppose -4*x + 3*r = -59, -5*x = -r + 3*r - 45. Suppose b - x - 23 = 0. Is b a multiple of 8?
False
Let q = -13 - -28. Suppose j - 9 = -2*j. Suppose 5*p + q + 0 = 0, -4*p + 33 = j*v. Does 13 divide v?
False
Let y(o) = o**3 + 8*o**2 - 10*o - 6. Let l be y(-9). Suppose 5*u - 2*i - 16 = 0, 6 = 2*u - 3*u + 5*i. Suppose -u*c = -l*c - 16. Is c a multiple of 16?
True
Suppose -2*t + 6*t = 0, 5*o + 4*t = 0. Suppose o*y - 40 = -y. Is y a multiple of 20?
True
Let y(j) = j + 6. Let s be y(5). Let b = 4 + s. Does 19 divide (12/b)/((-4)/(-190))?
True
Suppose 5*r = 2*r. Suppose 0 = -3*u - l - 6, l = -u - 2 - r. Is 14 a factor of ((-1)/u)/((-2)/(-56))?
True
Let c(r) = -r**2 + 4*r + 6. Let d be c(5). Let v(z) = -5*z**3 + z. Let x be v(d). Is ((-19)/x + 2)*4 a multiple of 15?
False
Suppose 0 = -3*w + 61 - 7. Is w a multiple of 7?
False
Suppose 190 = 4*h + 2*n, 105 = 2*h + 2*n + n. Suppose -2*m + m = l - 39, 0 = -l + m + h. Suppose 2*u = b + l, -6*u + 3*u - 4*b = -41. Is 19 a factor of u?
True
Suppose 15 = -3*n - 4*b, 3*n + 3*b + 12 = -0*b. Is 10 - 2*n/1 a multiple of 4?
True
Suppose -8 = 5*w - 28. Suppose 4*a + 168 = 5*u - 0*u, w*u - 147 = -a. Suppose -12 = -n - k + u, 5*n + k - 240 = 0. Is n a multiple of 18?
False
Let n = 8 + 39. Let x = n + -23. Is x a multiple of 24?
True
Suppose 2*q = -2*q + 556. Let p = q + -62. Let n = p - 23. Is n a multiple of 19?
False
Suppose -2*h + 17 = h + v, 2*v = -h + 9. Is 4 a factor of h?
False
Suppose -3*g + 8*g - 305 = 0. Does 9 divide g?
False
Suppose l - 52 + 1 = 0. Is l a multiple of 17?
True
Suppose 3*p + 0 = 6. Suppose i + 4*i - 7 = -x, 5*x + p*i = 35. Suppose -2*n - 42 + x = -5*m, 2*n = m - 7. Is 3 a factor of m?
False
Let t(v) = -7*v - 4. Does 12 divide t(-4)?
True
Suppose t - 4 + 0 = 0. Suppose 8 = t*k, 5